{"id":67,"date":"2017-02-12T17:00:29","date_gmt":"2017-02-12T16:00:29","guid":{"rendered":"https:\/\/www.maxbraun.com\/perso\/?page_id=67"},"modified":"2018-03-12T18:53:48","modified_gmt":"2018-03-12T17:53:48","slug":"rapports","status":"publish","type":"page","link":"https:\/\/www.maxbraun.com\/perso\/documentation\/rapports\/","title":{"rendered":"Rapports"},"content":{"rendered":"<p><strong>Monnaies virtuelles<\/strong><\/p>\n<p><a href=\"http:\/\/www.economie.gouv.fr\/files\/rapport_monnaiesvirtuelles_web.pdf\" target=\"_blank\" rel=\"noopener\">Encadrement des monnaies virtuelles &#8211; Tracfin<\/a><br \/>\n<a href=\"http:\/\/www.economie.gouv.fr\/files\/regulatingvirtualcurrencies.pdf\" target=\"_blank\" rel=\"noopener\">Regulating virtual currencies &#8211; Tracfin<\/a><\/p>\n<p><strong>Terrorisme<\/strong><\/p>\n<p>Conseil de l&rsquo;Europe: <a href=\"https:\/\/rm.coe.int\/protection-des-victimes-d-actes-terroristes\/168078ab53\" target=\"_blank\" rel=\"noopener\">Protection des victimes d\u2019actes terroristes<\/a><br \/>\ncontenant les Lignes directrices r\u00e9vis\u00e9es du Comit\u00e9 des Ministres (19 mai 2017)<\/p>\n<p><strong>\u00c9valuation des risques<\/strong><\/p>\n<p>Rapport de la Commission au Parlement Europ\u00e9en et au Conseil sur l&rsquo;\u00e9valuation des risques de blanchiment de capitaux et de financement du terrorisme pesant sur le march\u00e9 int\u00e9rieur et li\u00e9s aux activit\u00e9s transfronti\u00e8res<br \/>\n<a href=\"http:\/\/eur-lex.europa.eu\/legal-content\/FR\/TXT\/?uri=CELEX:52017DC0340\" target=\"_blank\" rel=\"noopener\">Lien sur le site de l&rsquo;Union Europ\u00e9enne<\/a><\/p>\n","protected":false},"excerpt":{"rendered":"<p>Monnaies virtuelles Encadrement des monnaies virtuelles &#8211; Tracfin Regulating virtual currencies &#8211; Tracfin Terrorisme Conseil de l&rsquo;Europe: Protection des victimes d\u2019actes terroristes [&hellip;]<\/p>\n","protected":false},"author":1,"featured_media":0,"parent":63,"menu_order":0,"comment_status":"closed","ping_status":"closed","template":"","meta":{"footnotes":""},"class_list":["post-67","page","type-page","status-publish","hentry"],"_links":{"self":[{"href":"https:\/\/www.maxbraun.com\/perso\/wp-json\/wp\/v2\/pages\/67","targetHints":{"allow":["GET"]}}],"collection":[{"href":"https:\/\/www.maxbraun.com\/perso\/wp-json\/wp\/v2\/pages"}],"about":[{"href":"https:\/\/www.maxbraun.com\/perso\/wp-json\/wp\/v2\/types\/page"}],"author":[{"embeddable":true,"href":"https:\/\/www.maxbraun.com\/perso\/wp-json\/wp\/v2\/users\/1"}],"replies":[{"embeddable":true,"href":"https:\/\/www.maxbraun.com\/perso\/wp-json\/wp\/v2\/comments?post=67"}],"version-history":[{"count":4,"href":"https:\/\/www.maxbraun.com\/perso\/wp-json\/wp\/v2\/pages\/67\/revisions"}],"predecessor-version":[{"id":152,"href":"https:\/\/www.maxbraun.com\/perso\/wp-json\/wp\/v2\/pages\/67\/revisions\/152"}],"up":[{"embeddable":true,"href":"https:\/\/www.maxbraun.com\/perso\/wp-json\/wp\/v2\/pages\/63"}],"wp:attachment":[{"href":"https:\/\/www.maxbraun.com\/perso\/wp-json\/wp\/v2\/media?parent=67"}],"curies":[{"name":"wp","href":"https:\/\/api.w.org\/{rel}","templated":true}]}}