{"id":8,"date":"2017-02-12T16:20:33","date_gmt":"2017-02-12T15:20:33","guid":{"rendered":"https:\/\/www.maxbraun.com\/perso\/?page_id=8"},"modified":"2018-03-09T13:53:50","modified_gmt":"2018-03-09T12:53:50","slug":"a-propos-de","status":"publish","type":"page","link":"https:\/\/www.maxbraun.com\/perso\/","title":{"rendered":"Lutte contre le blanchiment et le financement du terrorisme"},"content":{"rendered":"<p>La pr\u00e9sente rubrique regroupe les ressources en mati\u00e8re de lutte contre le blanchiment et le financement du terrorisme.<\/p>\n<p>&nbsp;<\/p>\n<h4>Mes derni\u00e8res nouvelles sur Twitter:<\/h4>\n\n<!-- Custom Twitter Feeds by Smash Balloon -->\n<div id=\"ctf\" class=\" ctf ctf-type-usertimeline ctf-rebranded ctf-feed-1  ctf-styles ctf-list ctf-regular-style\"   data-ctfshortcode=\"{&quot;feed&quot;:1}\"   data-ctfdisablelinks=\"false\" data-ctflinktextcolor=\"#\" data-header-size=\"small\" data-feedid=\"1\" data-postid=\"8\"  data-feed=\"1\" data-ctfintents=\"1\"  data-ctfneeded=\"5\">\n            <div id=\"ctf\" class=\"ctf\">\n            <div class=\"ctf-error\">\n                <div class=\"ctf-error-user\">\n\t\t\t\t\tLe flux Twitter n\u2019est pas disponible pour le moment.                <\/div>\n            <\/div>\n        <\/div>\n\t\t    <div class=\"ctf-tweets\">\n   \t\t    <\/div>\n    \n<\/div>\n\n","protected":false},"excerpt":{"rendered":"<p>La pr\u00e9sente rubrique regroupe les ressources en mati\u00e8re de lutte contre le blanchiment et le financement du terrorisme. &nbsp; Mes derni\u00e8res nouvelles [&hellip;]<\/p>\n","protected":false},"author":1,"featured_media":0,"parent":0,"menu_order":0,"comment_status":"closed","ping_status":"closed","template":"","meta":{"footnotes":""},"class_list":["post-8","page","type-page","status-publish","hentry"],"_links":{"self":[{"href":"https:\/\/www.maxbraun.com\/perso\/wp-json\/wp\/v2\/pages\/8","targetHints":{"allow":["GET"]}}],"collection":[{"href":"https:\/\/www.maxbraun.com\/perso\/wp-json\/wp\/v2\/pages"}],"about":[{"href":"https:\/\/www.maxbraun.com\/perso\/wp-json\/wp\/v2\/types\/page"}],"author":[{"embeddable":true,"href":"https:\/\/www.maxbraun.com\/perso\/wp-json\/wp\/v2\/users\/1"}],"replies":[{"embeddable":true,"href":"https:\/\/www.maxbraun.com\/perso\/wp-json\/wp\/v2\/comments?post=8"}],"version-history":[{"count":11,"href":"https:\/\/www.maxbraun.com\/perso\/wp-json\/wp\/v2\/pages\/8\/revisions"}],"predecessor-version":[{"id":144,"href":"https:\/\/www.maxbraun.com\/perso\/wp-json\/wp\/v2\/pages\/8\/revisions\/144"}],"wp:attachment":[{"href":"https:\/\/www.maxbraun.com\/perso\/wp-json\/wp\/v2\/media?parent=8"}],"curies":[{"name":"wp","href":"https:\/\/api.w.org\/{rel}","templated":true}]}}